673
What are the prime factors of 10708386?
2, 3, 13, 23, 47, 127
List the prime factors of 565898967.
3, 53, 193, 683
What are the prime factors of 100863880?
2, 5, 13, 47, 4127
List the prime factors of 113836299.
3, 739, 51347
What are the prime factors of 50508316?
2, 43, 103, 2851
List the prime factors of 3934478614.
2, 11, 137, 1305401
List the prime factors of 270910840.
2, 5, 6772771
List the prime factors of 2397074420.
2, 5, 13, 59, 307, 509
List the prime factors of 85547460.
2, 3, 5, 1425791
What are the prime factors of 1040093941?
431, 2413211
List the prime factors of 50290360.
2, 5, 251, 5009
List the prime factors of 1027581685.
5, 13, 131, 9283
What are the prime factors of 47133544?
2, 499, 11807
What are the prime factors of 43040063?
11, 67, 5309
What are the prime factors of 15279407?
11, 13, 59, 1811
List the prime factors of 40444178.
2, 431, 46919
What are the prime factors of 1225287467?
1225287467
What are the prime factors of 300742320?
2, 3, 5, 1253093
List the prime factors of 95640061.
11, 8694551
List the prime factors of 202431846.
2, 3, 33738641
What are the prime factors of 3234784664?
2, 404348083
List the prime factors of 316846933.
13, 59, 439, 941
What are the prime factors of 425022011?
163, 199, 13103
What are the prime factors of 85068339?
3, 19, 29, 53, 971
List the prime factors of 1176980147.
7, 109, 31481
List the prime factors of 182904927.
3, 60968309
What are the prime factors of 854153952?
2, 3, 8897437
What are the prime factors of 147175245?
3, 5, 7, 155741
What are the prime factors of 1880091692?
2, 29, 191, 84857
What are the prime factors of 204521204?
2, 79, 647219
List the prime factors of 327510304.
2, 11, 17, 229, 239
List the prime factors of 365572087.
3299, 110813
List the prime factors of 589657091.
589657091
What are the prime factors of 496362565?
5, 109, 157, 5801
List the prime factors of 195937514.
2, 29, 509, 6637
What are the prime factors of 191253321?
3, 7, 433681
List the prime factors of 54557029.
17, 157, 20441
What are the prime factors of 306518814?
2, 3, 7, 167, 2081
What are the prime factors of 50977456?
2, 19, 61, 2749
What are the prime factors of 422547991?
4289, 98519
What are the prime factors of 47825940?
2, 3, 5, 67, 11897
List the prime factors of 3007822577.
73, 1433, 28753
List the prime factors of 36152428.
2, 13, 695239
List the prime factors of 23086500.
2, 3, 5, 15391
What are the prime factors of 41426010?
2, 3, 5, 460289
What are the prime factors of 36768685?
5, 379, 19403
List the prime factors of 395222163.
3, 7, 18820103
List the prime factors of 4090468284.
2, 3, 7, 16232017
What are the prime factors of 113011484?
2, 28252871
List the prime factors of 2668063024.
2, 11, 157, 96557
What are the prime factors of 156669242?
2, 73, 1073077
List the prime factors of 5110495275.
3, 5, 29, 2349653
List the prime factors of 2552845241.
2137, 1194593
List the prime factors of 965874455.
5, 7, 13, 37, 57373
List the prime factors of 21543076.
2, 5385769
What are the prime factors of 118637732?
2, 29659433
What are the prime factors of 307525539?
3, 2803, 36571
List the prime factors of 7319958908.
2, 83, 22048069
What are the prime factors of 43379072?
2, 11, 30809
What are the prime factors of 92679299?
92679299
List the prime factors of 28585639.
2087, 13697
List the prime factors of 7030421948.
2, 11, 37, 4318441
List the prime factors of 49626277.
41, 1210397
What are the prime factors of 2340681951?
3, 1759, 443563
List the prime factors of 50847202.
2, 7, 211, 2459
What are the prime factors of 83872276?
2, 59, 277, 1283
What are the prime factors of 2852368816?
2, 11, 1473331
What are the prime factors of 84313353?
3, 17, 29, 109, 523
What are the prime factors of 37117715?
5, 17, 1511
List the prime factors of 2922030594.
2, 3, 7, 23190719
What are the prime factors of 721234845?
3, 5, 79, 202879
List the prime factors of 36461280.
2, 3, 5, 37, 2053
What are the prime factors of 1651970074?
2, 825985037
What are the prime factors of 303601424?
2, 7, 79, 34313
List the prime factors of 242077379.
887, 272917
What are the prime factors of 57756365?
5, 11551273
List the prime factors of 101252119.
17, 5956007
List the prime factors of 2869254759.
3, 7, 3637, 37567
What are the prime factors of 4295181206?
2, 17, 126328859
List the prime factors of 232802561.
331, 703331
What are the prime factors of 126708420?
2, 3, 5, 157, 13451
What are the prime factors of 22193748?
2, 3, 19, 71, 457
List the prime factors of 97879609.
157, 623437
List the prime factors of 179226360.
2, 3, 5, 497851
What are the prime factors of 1730814200?
2, 5, 17, 509063
What are the prime factors of 292373722?
2, 89, 1642549
List the prime factors of 75409764.
2, 3, 6284147
List the prime factors of 134969769.
3, 11, 1363331
What are the prime factors of 238003417?
17, 107, 130843
What are the prime factors of 3494669484?
2, 3, 1721, 169217
What are the prime factors of 136244860?
2, 5, 757, 8999
List the prime factors of 946583374.
2, 11, 29, 59, 25147
What are the prime factors of 2349920380?
2, 5, 19, 6184001
What are the prime factors of 49207822?
2, 24603911
What are the prime factors of 762576567?
3, 1871, 135859
What are the prime factors of 55072970?
2, 5, 5507297
List the prime factors of 42231570.
2, 3, 5, 17, 4871
List the prime factors of 329531954.
2, 2671, 61687
List the prime factors of 430792184.
2, 37, 1455379
List the prime factors of 4822053.
3, 229, 7019
What are the prime factors of 45500424?
2, 3, 1895851
List the prime factors of 676605055.
5, 7, 19331573
What are the prime factors of 368818106?
2, 787, 234319
List the prime factors of 3488177387.
37561, 92867
What are the prime factors of 293171103?
3, 17, 638717
List the prime factors of 484255714.
2, 242127857
What are the prime factors of 375230064?
2, 3, 11, 710663
List the prime factors of 117750180.
2, 3, 5, 1962503
What are the prime factors of 19151016?
2, 3, 409, 1951
What are the prime factors of 1538424186?
2, 3, 13, 19, 1038073
List the prime factors of 145200745.
5, 31, 936779
List the prime factors of 1468924586.
2, 734462293
List the prime factors of 60221911.
2441, 24671
What are the prime factors of 2385290309?
2385290309
What are the prime factors of 20665590?
2, 3, 5, 11, 5693
List the prime factors of 213365941.
229, 931729
List the prime factors of 65522133.
3, 541, 13457
List the prime factors of 2754959976.
2, 3, 733, 52201
List the prime factors of 257563392.
2, 3, 19, 929
List the prime factors of 986479655.
5, 7, 17, 1657949
List the prime factors of 271168188.
2, 3, 307, 73607
What are the prime factors of 67091770?
2, 5, 6709177
List the prime factors of 3415558890.
2, 3, 5, 113851963
List the prime factors of 156878.
2, 78439
List the prime factors of 220429753.
1229, 179357
List the prime factors of 1118156550.
2, 3, 5, 7, 1064911
What are the prime factors of 5298577?
17, 311681
What are the prime factors of 77598678?
2, 3, 53, 244021
List the prime factors of 2146244356.
2, 17, 23, 677, 2027
What are the prime factors of 2667581397?
3, 13, 47, 101, 1601
List the prime factors of 68082957.
3, 2521591
What are the prime factors of 15388174?
2, 383, 20089
What are the prime factors of 2106060143?
11, 9419, 20327
What are the prime factors of 1469902571?
1469902571
What are the prime factors of 345927375?
3, 5, 102497
List the prime factors of 1183535730.
2, 3, 5, 13, 77813
What are the prime factors of 314720916?
2, 3, 1777, 14759
What are the prime factors of 487925127?
3, 6023767
List the prime factors of 70841244.
2, 3, 17, 67, 71, 73
What are the prime factors of 73514124?
2, 3, 2042059
What are the prime factors of 448135521?
3, 17, 29, 302999
What are the prime factors of 411028426?
2, 29, 2477, 2861
What are the prime factors of 955056810?
2, 3, 5, 73, 131, 3329
What are the prime factors of 32059107?
3, 353, 10091
List the prime factors of 237747182.
2, 23, 79, 65423
List the prime factors of 14117138.
2, 7, 83, 12149
List the prime factors of 38088034.
2, 61, 312197
What are the prime factors of 31424333?
61, 515153
What are the prime factors of 38630903?
503, 76801
What are the prime factors of 951185386?
2, 475592693
What are the prime factors of 12945787